515) - -2). What is the highest common divisor of r and 45?
9
Suppose 21*s - 10*s = 1100. Let n be 25*9/12*4. Calculate the greatest common factor of n and s.
25
Suppose 5*j + 148 = v, 3*v + 4*j + 291 = 792. Suppose -4*p = 20, 5*p + v = 4*w + 14. What is the highest common factor of w and 217?
31
Suppose -7*u = -2*q - 2*u + 45, -85 = -3*q + 4*u. Let y = 73 - q. Calculate the greatest common divisor of 133 and y.
19
Let w = -1917 + 1935. Calculate the highest common factor of w and 45.
9
Let f(t) be the first derivative of t + 8 - 91/2*t**2. Let k be f(-1). What is the greatest common divisor of k and 23?
23
Let c(n) be the third derivative of 19*n**2 + 10/3*n**3 + 0*n + 0 + 1/30*n**5 - 1/4*n**4. Let b be c(5). What is the highest common factor of b and 40?
40
Let r be 119/(-17) + (-1070)/(-2). Let n be (-1 + 45)*(-2)/6*-3. What is the greatest common divisor of r and n?
44
Let g be 2*2/(-8) - (-7)/2. Suppose -3*h = 5*p - 2*h + 452, 0 = 3*p + g*h + 276. Let l be (-34)/(-30) - (-12)/p. What is the greatest common factor of 9 and l?
1
Suppose 0 = 2*n + 3*g - 1981, -2980 = -0*n - 3*n + 4*g. Let q = -845909 - -845940. Calculate the highest common divisor of q and n.
31
Let a = 30 - 25. Let m(p) = 2*p**2 + 12*p - 68. Let y be m(a). What is the highest common divisor of y and 42?
42
Suppose l = -5*k + 20, -2*l + 70 = -5*k + 10*k. Suppose 4*m - 90 + 0 = -2*v, -75 = -4*m + v. What is the greatest common divisor of m and l?
10
Let d be (-2)/15 - (0 + (-1708)/210). Calculate the greatest common factor of 8552 and d.
8
Suppose -12*j - 5357 = -15*j + f, j - 1781 = -2*f. What is the highest common factor of j and 840?
105
Let u(o) = -o**3 - 5*o**2 + 8*o - 246. Let z be u(-16). Calculate the highest common factor of z and 165.
33
Suppose 66*i - 2*a + 40 = 69*i, 0 = -5*a + 10. Suppose m - 3096 = -5*m. Calculate the highest common factor of i and m.
12
Suppose -256 - 792 = -23*p - 312. What is the highest common factor of p and 1616?
16
Let v(x) = 37*x + 183. Let d be v(-21). Let k be -8*(d/12)/9. Calculate the greatest common divisor of k and 8.
4
Suppose j - 53 = -4*m + 71, -5*j + 5*m = -495. Calculate the highest common factor of 2 and j.
2
Let k(a) = -158*a**3 - 3*a**2 - 58*a - 54. Let d be k(-1). What is the greatest common divisor of 5247 and d?
159
Let b = 135 - -185. Suppose -3*t = -2*t - 5*i - 15, 140 = 4*t - 4*i. What is the highest common factor of b and t?
40
Suppose 2*p + 6*p - 1643 = 4493. Calculate the greatest common factor of 273 and p.
13
Let y(j) = j**2 - 15*j + 2. Let m be y(15). Suppose m*b + 14 = 2. Let c be 1 + (66/9)/(b/(-9)). Calculate the greatest common factor of c and 30.
6
Let d be ((-5940)/(-22))/(-18) + 38 + (2 - -7). Let s = 6 - 4. Suppose 4*b - s = 14. What is the highest common factor of b and d?
4
Let z be (-1)/(4/(-44)) + 0. Let q be (759/6)/(17/34). Calculate the highest common divisor of z and q.
11
Suppose -4*w - 97 = -a - 33, 2*a - 128 = -3*w. Let n = -31 + a. Let d = 57 - n. What is the greatest common factor of 12 and d?
12
Let s(z) = 2*z**2 - 7*z - 16. Let x be s(-2). Calculate the greatest common factor of x and 2118.
6
Let r be (22 - 12) + -11 - -388. Calculate the greatest common divisor of 2064 and r.
129
Suppose 147*k + 28172 - 120782 = 0. Calculate the greatest common divisor of k and 36.
18
Suppose -d = 5*v - 40, -26*v = -d - 30*v + 33. Calculate the greatest common divisor of 8065 and d.
5
Let l be ((-16)/6)/((-8)/12). Suppose -3*q = -l*q + 5. Suppose q*p - 1194 = -o + 3*o, 4*p + 5*o = 942. What is the highest common factor of 34 and p?
34
Suppose -2*z - 6 = 8. Let h(m) = m**3 + 10*m**2 + 2*m - 13. Let p be h(z). What is the highest common divisor of 80 and p?
40
Suppose 0 = 5*i, i - 512 = 62*t - 70*t. Calculate the highest common factor of 52 and t.
4
Let u = -2804 - -2854. What is the highest common factor of 9050 and u?
50
Let o(j) = -j - 9. Let b be o(-2). Let f be b*(-5 - -5 - 3). Calculate the greatest common divisor of f and 91.
7
Suppose -2*h - 3*i + 6 = 0, -3*i - 6 = -2*h - 8*i. Let v(s) = -s**2 + 123 + 38 - 9*s - 31 + s. Let p be v(-16). What is the highest common factor of h and p?
1
Suppose -495 - 544 = -5*y + 2*v, -4*y + 824 = 2*v. Calculate the highest common factor of y and 36.
9
Suppose 335*q = 339*q - 2428. Suppose -1852 + q = -4*c + 5*s, 0 = 4*c + 3*s - 1237. What is the highest common factor of 30 and c?
10
Suppose 200*b - 342 = 198*b. Let i(x) = 4*x**3. Let q be i(1). Suppose m - 34 = -5*c, -4*c + 46 + 42 = q*m. Calculate the greatest common factor of m and b.
19
Let f = -8673 - -16993. Calculate the highest common factor of f and 128.
128
Let x = 6707 + -6316. Calculate the greatest common factor of x and 187.
17
Suppose -197 + 1502 = 55*q - 675. What is the highest common factor of 882 and q?
18
Suppose 3*d = 147 + 105. Suppose 77*f - 79*f = -d. Calculate the greatest common divisor of f and 14.
14
Let y(h) = h + 5. Let b(q) = 8*q + 147. Let v(w) = -b(w) - 2*y(w). Let p be v(-18). Calculate the greatest common factor of 23 and p.
23
Let d = -76 + 214. Suppose -26*j - 536 + 848 = 0. Calculate the greatest common divisor of d and j.
6
Suppose 111*m - 114*m + 5473 = t, 3*t - 7294 = -4*m. Calculate the highest common divisor of m and 25.
25
Let p(c) = 6*c + 121 - 130 + 114 - 17*c - 36*c. Let r be p(2). Suppose 2*u - u = 121. Calculate the greatest common divisor of r and u.
11
Let g be 4/(-18) - 203/(-63). Let l(m) = -4*m**3 + 10*m**2 - 6*m**2 + g*m**2 + 3*m**3 + 4. Let d be l(6). Calculate the highest common divisor of d and 8.
8
Let n be 6 - -8 - (-29 + -1673). Calculate the greatest common factor of 264 and n.
132
Let l be 3*(2 - 7/(-3)). Let m = -10136 + 10175. What is the greatest common divisor of l and m?
13
Suppose -10*g = 117*g - 860 - 29. Let k(i) = -i**3 + 13*i**2 - 3*i + 15. Let x be k(11). What is the greatest common factor of g and x?
7
Let v(y) = 4*y + 6. Suppose 26*h + 36 = 38*h. Let s be v(h). Calculate the highest common divisor of s and 387.
9
Suppose 0 = -15*y - 1746 - 1374. Let q = 215 + y. What is the greatest common divisor of q and 224?
7
Suppose -434*o - 252168 = -510*o. What is the greatest common divisor of o and 84?
42
Suppose 11*d = 6*d + 145. Suppose 4*j - 109 = -d. Suppose -u - 2 = u - 4*g, -4*g + j = 4*u. What is the greatest common factor of u and 2?
1
Suppose 169*i + 990 = 180*i. Suppose 3*k - 2*b - 434 - 264 = 0, -5*k + 1172 = b. What is the greatest common divisor of i and k?
18
Suppose 40*m + 242 = 51*m. What is the highest common divisor of 56254 and m?
22
Suppose -q + 3*q - z = 9, 0 = -3*q + z + 16. Let u(c) = 2*c**3 - 11*c**2 + 16*c - 13. Let v be u(6). Calculate the greatest common factor of q and v.
7
Suppose 0 = 4*p - 20 + 8. Suppose 426 = 5*u + 4*t, -5*u + 3*u = -p*t - 175. What is the highest common factor of 2 and u?
2
Suppose -9*f + 87 = -6*f. Let l = f + -22. Suppose -l*r + 4*r = -4*j + 391, 0 = 3*j - r - 297. Calculate the highest common factor of 40 and j.
20
Let m = 123 + -115. Suppose -m = -2*k + 2. Calculate the greatest common divisor of k and 160.
5
Let r be (6 + 7/(-1))*(-5)/1. Suppose -r*k + l + 80 = 0, 10*k - 8*k + l - 25 = 0. Suppose a + 30 = 6*a. What is the greatest common divisor of k and a?
3
Let w be (3 - (4 + -2))*(177 + 1). Suppose r = -r + 890. What is the highest common divisor of r and w?
89
Suppose 182*b - 8073 = 2991 + 8046. Suppose 2*q - 90 = 3*k, 2*q + 4*k - 65 - 25 = 0. What is the highest common factor of q and b?
15
Let n(q) = 16*q - 10. Let r be n(6). Suppose -3*a - 6 + 21 = 0, 4*a - r = -3*j. Suppose -60*d - 572 = -73*d. Calculate the greatest common factor of d and j.
22
Suppose 6*y = 4*y + 68. Suppose 0 = -68*f + 20185 + 12183. What is the highest common divisor of y and f?
34
Let y be (-1)/((-78)/(-520))*90/(-8). What is the greatest common factor of 51 and y?
3
Suppose -3*j - 8*j = -22. What is the greatest common factor of 179 and j?
1
Let m = 9547 - 9546. What is the greatest common factor of 1088 and m?
1
Suppose 3*r - 3*j = 2511, -3*r + j = -699 - 1812. Suppose -279*k + 21390 = -49*k. Calculate the highest common divisor of r and k.
93
Let r = -3 - -5. Let f be -1*21/((-105)/10). What is the greatest common divisor of r and f?
2
Suppose 274*t - 1937 - 4489 = 253*t. What is the greatest common factor of 